{"id":6692306,"date":"2022-08-12T13:59:30","date_gmt":"2022-08-12T13:59:30","guid":{"rendered":"https:\/\/sunpropertyrealestate.cominmueble\/venta\/villas\/santa-cruz-de-tenerife\/adeje\/002\/"},"modified":"2022-08-12T13:59:30","modified_gmt":"2022-08-12T13:59:30","slug":"villa-a-el-madronal-costa-adeje-002","status":"publish","type":"property","link":"https:\/\/sunpropertyrealestate.com\/fr\/inmueble\/venta\/villas\/santa-cruz-de-tenerife\/adeje\/002\/","title":{"rendered":"VILLA \u00c0 EL MADRO\u00d1AL &#8211; COSTA ADEJE &#8211; 002"},"content":{"rendered":"<p>Fabuleuse villa avec vue sur la mer et la montagne \u00e0 El Madro\u00f1al, avec beaucoup d&rsquo;espace ext\u00e9rieur avec piscine priv\u00e9e et solarium. Son design de style andalou en fait un lieu id\u00e9al pour se d\u00e9tendre et profiter.<br \/>La propri\u00e9t\u00e9 est situ\u00e9e sur un terrain de 837m2 et est d\u00e9velopp\u00e9e sur deux niveaux. Elle mesure 324 m2 habitables et a la possibilit\u00e9 d&rsquo;une extension d&rsquo;environ 90 m2. Il se compose de 5 chambres, 5 salles de bains, salon\/salle \u00e0 manger\/cuisine ouverte, grandes terrasses, jardin et espace pour une salle \u00e0 manger ext\u00e9rieure. Les grandes fen\u00eatres laissent entrer beaucoup de lumi\u00e8re naturelle et cr\u00e9ent une harmonie entre les espaces int\u00e9rieurs et ext\u00e9rieurs. La Villa est construite avec des mat\u00e9riaux de premi\u00e8re qualit\u00e9.<br \/>Il dispose \u00e9galement d&rsquo;un tr\u00e8s grand garage pour plusieurs voitures et de quelques d\u00e9barras.<br \/>Il est situ\u00e9 \u00e0 proximit\u00e9 du Colegio Costa Adeje, du Spa Aqua Club et du centre commercial Gran Sur. \u00c0 seulement 5 minutes en voiture de Siam Park, Siam Mall et des meilleures plages du sud de Tenerife.<br \/>IBI annuel 1557 &euro;.<\/p>\n","protected":false},"excerpt":{"rendered":"<p>Fabuleuse villa avec vue sur la mer et la montagne \u00e0 El Madro\u00f1al, avec beaucoup d&rsquo;espace ext\u00e9rieur avec piscine priv\u00e9e et solarium. Son design de style andalou en fait un lieu id\u00e9al pour se d\u00e9tendre et profiter.~La propri\u00e9t\u00e9 est situ\u00e9e sur un terrain de 837m2 et est d\u00e9velopp\u00e9e sur deux niveaux. Elle mesure 324 m2 habitables et a <\/p>\n","protected":false},"author":3,"featured_media":6692309,"parent":0,"menu_order":0,"template":"","property_type":[238],"property_status":[242],"property_feature":[246,266,328,258,282,254,250],"property_label":[],"property_country":[],"property_state":[168],"property_city":[179],"property_area":[195],"property_meta":{"fave_agent":["17769"],"fave_agents":["17769"],"fave_agent_display_option":["agent_info"],"property_agent":["17769"],"custom_permalink":["inmueble\/venta\/villas\/santa-cruz-de-tenerife\/adeje\/002\/"],"_thumbnail_id":["6692309"],"post_id":["Array"],"original_author":["3"],"_edit_lock":["1604137107:1"],"_edit_last":["1"],"fave_property_map_street_view":["show"],"fave_payment_status":["not_paid"],"fave_single_top_area":["global"],"fave_single_content_area":["global"],"houzez_manual_expire":["0"],"fave_property_size_prefix":["m&sup2;"],"fave_property_map":["1"],"fave_additional_features_enable":["disable"],"fave_floor_plans_enable":["disable"],"fave_multiunit_plans_enable":["disable"],"fave_prop_homeslider":["no"],"fave_featured":["0"],"fave_property_address":["Adeje,Santa Cruz de Tenerife"],"fave_property_zip":["38670"],"houzez_geolocation_lat":["28.12182984"],"houzez_geolocation_long":["-16.72464531"],"fave_property_location":["28.12182984,-16.72464531"],"fave_property_country":["ES"],"fave_property_map_address":["Adeje,Santa Cruz de Tenerife,Spain"],"referencia":["002"],"fave_property_id":["002"],"fave_property_bedrooms":["5"],"fave_property_bathrooms":["5"],"fave_property_garage":["2"],"fave_property_land":["837"],"ave_property_land_postfix":["m&sup2;"],"fave_property_size":["515"],"fave_property_year":["0"],"fave_energy_global_index":["0 kWh\/m&sup2; \/0 Kg CO2\/m&sup2;"],"fave_energy_class":["N"],"estate_attr_energy_class":["N"],"REAL_HOMES_property_emisiones":["0"],"REAL_HOMES_property_consumo":["0"],"REAL_HOMES_property_letra":["N"],"estate_video":[""],"fave_virtual_tour":[""],"vendidoInmueble":[""],"fave_property_price":["3000000"],"fave_property_price_postfix":[""],"fave_property_images":["6692309","6692310","6692311","6692312","6692313","6692314","6692315","6692316","6692317","6692318","6692319","6692320","6692321","6692322","6692323","6692324","6692325","6692326","6692327","6692328","6692329","6692330","6692331","6692332","6692333","6692334","6692335","6692336","6692337","6692338","6692339","6692340","6692341","6692342","6692343","6692344","6692345","6692346","6692347","6692348","6692349","6692350","6692351","6692352","6692353","6692354","6692355","6692356","6692357","6692358","6692359","6692360","6692361","6692362","6692363","6692364","6692365","6692366","6692367","6692368"],"houzez_total_property_views":["2"],"houzez_views_by_date":["a:1:{s:10:\"04-28-2026\";i:2;}"],"houzez_recently_viewed":["2026-04-28 21:27:49"]},"_links":{"self":[{"href":"https:\/\/sunpropertyrealestate.com\/fr\/wp-json\/wp\/v2\/properties\/6692306"}],"collection":[{"href":"https:\/\/sunpropertyrealestate.com\/fr\/wp-json\/wp\/v2\/properties"}],"about":[{"href":"https:\/\/sunpropertyrealestate.com\/fr\/wp-json\/wp\/v2\/types\/property"}],"author":[{"embeddable":true,"href":"https:\/\/sunpropertyrealestate.com\/fr\/wp-json\/wp\/v2\/users\/3"}],"version-history":[{"count":0,"href":"https:\/\/sunpropertyrealestate.com\/fr\/wp-json\/wp\/v2\/properties\/6692306\/revisions"}],"wp:featuredmedia":[{"embeddable":true,"href":"https:\/\/sunpropertyrealestate.com\/fr\/wp-json\/wp\/v2\/media\/6692309"}],"wp:attachment":[{"href":"https:\/\/sunpropertyrealestate.com\/fr\/wp-json\/wp\/v2\/media?parent=6692306"}],"wp:term":[{"taxonomy":"property_type","embeddable":true,"href":"https:\/\/sunpropertyrealestate.com\/fr\/wp-json\/wp\/v2\/property_type?post=6692306"},{"taxonomy":"property_status","embeddable":true,"href":"https:\/\/sunpropertyrealestate.com\/fr\/wp-json\/wp\/v2\/property_status?post=6692306"},{"taxonomy":"property_feature","embeddable":true,"href":"https:\/\/sunpropertyrealestate.com\/fr\/wp-json\/wp\/v2\/property_feature?post=6692306"},{"taxonomy":"property_label","embeddable":true,"href":"https:\/\/sunpropertyrealestate.com\/fr\/wp-json\/wp\/v2\/property_label?post=6692306"},{"taxonomy":"property_country","embeddable":true,"href":"https:\/\/sunpropertyrealestate.com\/fr\/wp-json\/wp\/v2\/property_country?post=6692306"},{"taxonomy":"property_state","embeddable":true,"href":"https:\/\/sunpropertyrealestate.com\/fr\/wp-json\/wp\/v2\/property_state?post=6692306"},{"taxonomy":"property_city","embeddable":true,"href":"https:\/\/sunpropertyrealestate.com\/fr\/wp-json\/wp\/v2\/property_city?post=6692306"},{"taxonomy":"property_area","embeddable":true,"href":"https:\/\/sunpropertyrealestate.com\/fr\/wp-json\/wp\/v2\/property_area?post=6692306"}],"curies":[{"name":"wp","href":"https:\/\/api.w.org\/{rel}","templated":true}]}}

VILLA À EL MADROÑAL &#8211; COSTA ADEJE &#8211; 002

<p>Fabuleuse villa avec vue sur la mer et la montagne à El Madroñal, avec beaucoup d&rsquo;espace extérieur avec piscine privée et solarium. Son design de style andalou en fait un lieu idéal pour se détendre et profiter.<br />La propriété est située sur un terrain de 837m2 et est développée sur deux niveaux. Elle mesure 324 m2 habitables et a la possibilité d&rsquo;une extension d&rsquo;environ 90 m2. Il se compose de 5 chambres, 5 salles de bains, salon/salle à manger/cuisine ouverte, grandes terrasses, jardin et espace pour une salle à manger extérieure. Les grandes fenêtres laissent entrer beaucoup de lumière naturelle et créent une harmonie entre les espaces intérieurs et extérieurs. La Villa est construite avec des matériaux de première qualité.<br />Il dispose également d&rsquo;un très grand garage pour plusieurs voitures et de quelques débarras.<br />Il est situé à proximité du Colegio Costa Adeje, du Spa Aqua Club et du centre commercial Gran Sur. À seulement 5 minutes en voiture de Siam Park, Siam Mall et des meilleures plages du sud de Tenerife.<br />IBI annuel 1557 &euro;.</p>

<p>Fabuleuse villa avec vue sur la mer et la montagne à El Madroñal, avec beaucoup d&rsquo;espace extérieur avec piscine privée et solarium. Son design de style andalou en fait un lieu idéal pour se détendre et profiter.~La propriété est située sur un terrain de 837m2 et est développée sur deux niveaux. Elle mesure 324 m2 habitables et a </p>
