{"id":6694016,"date":"2026-03-06T21:35:38","date_gmt":"2026-03-06T21:35:38","guid":{"rendered":"https:\/\/sunpropertyrealestate.cominmueble\/venta\/atico\/santa-cruz-de-tenerife\/granadilla-de-abona\/13003ck226\/"},"modified":"2026-03-06T21:35:38","modified_gmt":"2026-03-06T21:35:38","slug":"appartement-en-angle-en-premiere-ligne-de-mer-avec-vue-emprenables-el-medano-tenerife-s-13003ck226","status":"publish","type":"property","link":"https:\/\/sunpropertyrealestate.com\/fr\/inmueble\/venta\/atico\/santa-cruz-de-tenerife\/granadilla-de-abona\/13003ck226\/","title":{"rendered":"APPARTEMENT EN ANGLE EN PREMI\u00c8RE LIGNE DE MER AVEC VUE EMPRENABLES ? EL M\u00c9DANO, TENERIFE S &#8211; 13003ck226"},"content":{"rendered":"<p>Nous avons le plaisir de pr\u00e9senter une opportunit\u00e9 unique \u00e0 El M\u00e9dano, l?une des villes les plus authentiques et pris\u00e9es du sud de Tenerife : un duplex en angle en premi\u00e8re ligne de mer, avec une vue panoramique depuis toutes les pi\u00e8ces.<\/p>\n<p>Le logement offre 85 m\u00b2 de surface habitable, r\u00e9partis comme suit :<br \/>S\u00e9jour lumineux (7,46 m x 3,20 m)<br \/>Cuisine ind\u00e9pendante<br \/>3 chambres doubles<br \/>Chambre 1 : 5,20 m x 2,44 m<br \/>Chambre 2 : 4,56 m x 4,00 m<br \/>Chambre 3 : 4,25 m x 2,27 m<br \/>1 salle de bain compl\u00e8te<br \/>Les espaces sont grands et polyvalents, parfaits comme r\u00e9sidence principale ou r\u00e9sidence secondaire pour des vacances inoubliables. La disposition permet de agrandir le salon, cr\u00e9er une ou plusieurs salles de bain suppl\u00e9mentaires ou redessiner les pi\u00e8ces selon vos go\u00fbts et besoins.<\/p>\n<p>Points forts :<br \/>Duplex en angle avec luminosit\u00e9 maximale<br \/>Place de parking couverte dans un garage communautaire, accessible par ascenseur<br \/>Potentiel \u00e9lev\u00e9 de revalorisation et future vente libre (VPO en cours de d\u00e9classement)<\/p>\n<p>Emplacement privil\u00e9gi\u00e9:<br \/>Premi\u00e8re ligne avec plages naturelles et ambiance d\u00e9tendue<br \/>Id\u00e9al pour le windsurf et le kitesurf<br \/>Restaurants en bord de mer, commerces typiques et place centrale anim\u00e9e<br \/>\u00c0 quelques minutes de l?a\u00e9roport de Tenerife Sud, avec d?excellentes liaisons toute l?ann\u00e9e<\/p>\n<p>Charges de Communaut\u00e9 : 54 &euro;\/mois<br \/>IBI : 210 &euro;\/an<\/p>\n<p>Pourquoi cet appartement est unique :<br \/>Emplacement exceptionnel en bord de mer<br \/>Duplex en angle avec luminosit\u00e9 maximale<br \/>Espaces larges avec grand potentiel de personnalisation<br \/>Place de parking couverte incluse<br \/>Excellent investissement dans l?une des zones les plus recherch\u00e9es du sud de Tenerife.<\/p>\n","protected":false},"excerpt":{"rendered":"<p>Nous avons le plaisir de pr\u00e9senter une opportunit\u00e9 unique \u00e0 El M\u00e9dano, l?une des villes les plus authentiques et pris\u00e9es du sud de Tenerife : un duplex en angle en premi\u00e8re ligne de mer, avec une vue panoramique depuis toutes les pi\u00e8ces.~~Le logement offre 85 m\u00b2 de surface habitable, r\u00e9partis comme suit :~S\u00e9jour lumineux (7,46 m x <\/p>\n","protected":false},"author":3,"featured_media":6694019,"parent":0,"menu_order":0,"template":"","property_type":[486],"property_status":[242],"property_feature":[246,270,322],"property_label":[],"property_country":[],"property_state":[168],"property_city":[377],"property_area":[378],"property_meta":{"fave_agent":["17769"],"fave_agents":["17769"],"fave_agent_display_option":["agent_info"],"property_agent":["17769"],"custom_permalink":["inmueble\/venta\/atico\/santa-cruz-de-tenerife\/granadilla-de-abona\/13003ck226\/"],"_thumbnail_id":["6694019"],"post_id":["Array"],"original_author":["3"],"_edit_lock":["1604137107:1"],"_edit_last":["1"],"fave_property_map_street_view":["show"],"fave_payment_status":["not_paid"],"fave_single_top_area":["global"],"fave_single_content_area":["global"],"houzez_manual_expire":["0"],"fave_property_size_prefix":["m&sup2;"],"fave_property_map":["1"],"fave_additional_features_enable":["disable"],"fave_floor_plans_enable":["disable"],"fave_multiunit_plans_enable":["disable"],"fave_prop_homeslider":["no"],"fave_featured":["0"],"fave_property_address":["Granadilla de Abona,Santa Cruz de Tenerife"],"fave_property_zip":["38612"],"houzez_geolocation_lat":["28.045975614"],"houzez_geolocation_long":["-16.534912142"],"fave_property_location":["28.045975614,-16.534912142"],"fave_property_country":["ES"],"fave_property_map_address":["Granadilla de Abona,Santa Cruz de Tenerife,Spain"],"referencia":["13003ck226"],"fave_property_id":["13003ck226"],"fave_property_bedrooms":["3"],"fave_property_bathrooms":["1"],"fave_property_garage":["2"],"fave_property_land":["0"],"ave_property_land_postfix":["m&sup2;"],"fave_property_size":["101"],"fave_property_year":["1999"],"fave_energy_global_index":["0 kWh\/m&sup2; \/1234.99 Kg CO2\/m&sup2;"],"fave_energy_class":["N"],"estate_attr_energy_class":["N"],"REAL_HOMES_property_emisiones":["1234.99"],"REAL_HOMES_property_consumo":["0"],"REAL_HOMES_property_letra":["N"],"estate_video":[""],"fave_virtual_tour":[""],"vendidoInmueble":[""],"fave_property_price":["375000"],"fave_property_price_postfix":[""],"fave_property_images":["6694019","6694020","6694021","6694022","6694023","6694024","6694025","6694026","6694027","6694028","6694029","6694030","6694031","6694032","6694033","6694034","6694035","6694036","6694037","6694038","6694039","6694040","6694041","6694042","6694043","6694044","6694045"],"houzez_total_property_views":["2"],"houzez_views_by_date":["a:1:{s:10:\"04-28-2026\";i:2;}"],"houzez_recently_viewed":["2026-04-28 18:46:12"]},"_links":{"self":[{"href":"https:\/\/sunpropertyrealestate.com\/fr\/wp-json\/wp\/v2\/properties\/6694016"}],"collection":[{"href":"https:\/\/sunpropertyrealestate.com\/fr\/wp-json\/wp\/v2\/properties"}],"about":[{"href":"https:\/\/sunpropertyrealestate.com\/fr\/wp-json\/wp\/v2\/types\/property"}],"author":[{"embeddable":true,"href":"https:\/\/sunpropertyrealestate.com\/fr\/wp-json\/wp\/v2\/users\/3"}],"version-history":[{"count":0,"href":"https:\/\/sunpropertyrealestate.com\/fr\/wp-json\/wp\/v2\/properties\/6694016\/revisions"}],"wp:featuredmedia":[{"embeddable":true,"href":"https:\/\/sunpropertyrealestate.com\/fr\/wp-json\/wp\/v2\/media\/6694019"}],"wp:attachment":[{"href":"https:\/\/sunpropertyrealestate.com\/fr\/wp-json\/wp\/v2\/media?parent=6694016"}],"wp:term":[{"taxonomy":"property_type","embeddable":true,"href":"https:\/\/sunpropertyrealestate.com\/fr\/wp-json\/wp\/v2\/property_type?post=6694016"},{"taxonomy":"property_status","embeddable":true,"href":"https:\/\/sunpropertyrealestate.com\/fr\/wp-json\/wp\/v2\/property_status?post=6694016"},{"taxonomy":"property_feature","embeddable":true,"href":"https:\/\/sunpropertyrealestate.com\/fr\/wp-json\/wp\/v2\/property_feature?post=6694016"},{"taxonomy":"property_label","embeddable":true,"href":"https:\/\/sunpropertyrealestate.com\/fr\/wp-json\/wp\/v2\/property_label?post=6694016"},{"taxonomy":"property_country","embeddable":true,"href":"https:\/\/sunpropertyrealestate.com\/fr\/wp-json\/wp\/v2\/property_country?post=6694016"},{"taxonomy":"property_state","embeddable":true,"href":"https:\/\/sunpropertyrealestate.com\/fr\/wp-json\/wp\/v2\/property_state?post=6694016"},{"taxonomy":"property_city","embeddable":true,"href":"https:\/\/sunpropertyrealestate.com\/fr\/wp-json\/wp\/v2\/property_city?post=6694016"},{"taxonomy":"property_area","embeddable":true,"href":"https:\/\/sunpropertyrealestate.com\/fr\/wp-json\/wp\/v2\/property_area?post=6694016"}],"curies":[{"name":"wp","href":"https:\/\/api.w.org\/{rel}","templated":true}]}}

APPARTEMENT EN ANGLE EN PREMIÈRE LIGNE DE MER AVEC VUE EMPRENABLES ? EL MÉDANO, TENERIFE S &#8211; 13003ck226

<p>Nous avons le plaisir de présenter une opportunité unique à El Médano, l?une des villes les plus authentiques et prisées du sud de Tenerife : un duplex en angle en première ligne de mer, avec une vue panoramique depuis toutes les pièces.</p>
<p>Le logement offre 85 m² de surface habitable, répartis comme suit :<br />Séjour lumineux (7,46 m x 3,20 m)<br />Cuisine indépendante<br />3 chambres doubles<br />Chambre 1 : 5,20 m x 2,44 m<br />Chambre 2 : 4,56 m x 4,00 m<br />Chambre 3 : 4,25 m x 2,27 m<br />1 salle de bain complète<br />Les espaces sont grands et polyvalents, parfaits comme résidence principale ou résidence secondaire pour des vacances inoubliables. La disposition permet de agrandir le salon, créer une ou plusieurs salles de bain supplémentaires ou redessiner les pièces selon vos goûts et besoins.</p>
<p>Points forts :<br />Duplex en angle avec luminosité maximale<br />Place de parking couverte dans un garage communautaire, accessible par ascenseur<br />Potentiel élevé de revalorisation et future vente libre (VPO en cours de déclassement)</p>
<p>Emplacement privilégié:<br />Première ligne avec plages naturelles et ambiance détendue<br />Idéal pour le windsurf et le kitesurf<br />Restaurants en bord de mer, commerces typiques et place centrale animée<br />À quelques minutes de l?aéroport de Tenerife Sud, avec d?excellentes liaisons toute l?année</p>
<p>Charges de Communauté : 54 &euro;/mois<br />IBI : 210 &euro;/an</p>
<p>Pourquoi cet appartement est unique :<br />Emplacement exceptionnel en bord de mer<br />Duplex en angle avec luminosité maximale<br />Espaces larges avec grand potentiel de personnalisation<br />Place de parking couverte incluse<br />Excellent investissement dans l?une des zones les plus recherchées du sud de Tenerife.</p>

<p>Nous avons le plaisir de présenter une opportunité unique à El Médano, l?une des villes les plus authentiques et prisées du sud de Tenerife : un duplex en angle en première ligne de mer, avec une vue panoramique depuis toutes les pièces.~~Le logement offre 85 m² de surface habitable, répartis comme suit :~Séjour lumineux (7,46 m x </p>
